 common factor of 143 and q.
13
Let g = 33 - 24. What is the greatest common divisor of g and 27?
9
Suppose 5*w - 2*p - 6 = 4*w, 2*p = -2*w. Suppose 7*v - 16 = 19. What is the highest common factor of v and w?
1
Let c(n) = -9*n + 3. Let a be c(-5). Let l = a - 16. What is the greatest common divisor of 4 and l?
4
Suppose 2888 = 2*q - 6*q. Let f be q/(-8) - 1/4. Calculate the highest common factor of 10 and f.
10
Let i be (-2 - 44/(-24)) + (-31)/(-6). Calculate the highest common factor of i and 15.
5
Let u(o) = -8*o - 1. Suppose 4*q - 10*q - 18 = 0. Let v be u(q). Calculate the greatest common factor of v and 23.
23
Suppose 0 = -8*u + 3*u + 80. Let a be (-1)/2*(9 - 5). Let b be -8 - -5 - 14/a. Calculate the highest common divisor of b and u.
4
Let f(r) = r + 1. Let k be f(3). Suppose 0 = 3*p + 2*n - 68, p - 4 = k*n - 0. What is the greatest common factor of 10 and p?
10
Let i be (-19)/(-7) + (-6)/(-21). Suppose 8*d - i*d = 40. Calculate the greatest common divisor of 8 and d.
8
Suppose 15*h - 19*h + 8 = 0. What is the greatest common divisor of 34 and h?
2
Let v = 254 + 18. Suppose 5*k - v = 3*d, d - 221 = k - 5*k. Let j = 2 - -3. Calculate the highest common divisor of j and k.
5
Let f be 46 - 8/(40/15). What is the highest common divisor of f and 172?
43
Suppose 0 = -2*r - c + 37, 2*r + 4*c - c = 39. Calculate the greatest common divisor of r and 9.
9
Let t = 20 + -6. What is the highest common factor of 154 and t?
14
Suppose 0 = -5*p + 2*p - 3, -14 = -4*g + 2*p. Suppose 0 = -2*n - 33 - g. Let d = 27 + n. What is the highest common factor of d and 36?
9
Let v = -21 - -28. Calculate the greatest common divisor of v and 49.
7
Let v = -313 + 601. Suppose 4*u - v = 72. Calculate the greatest common divisor of 36 and u.
18
Suppose 0 = 7*g - 2*g - 20, 4*l = -2*g + 140. Let x be -1 - 1*(-23)/1. Calculate the highest common factor of l and x.
11
Suppose -p + 94 = -3*w - 219, -5*p + 1593 = -w. Calculate the greatest common factor of p and 11.
11
Suppose 4*z - 63 = 17. What is the greatest common factor of 5 and z?
5
Suppose -10 = 5*w, -2*w = 3*g + 2*w - 856. What is the greatest common factor of 24 and g?
24
Let k be 4/(-26) + (-4380)/(-78). What is the highest common divisor of k and 14?
14
Let o = 108 - 85. What is the highest common factor of 23 and o?
23
Suppose -5*b + 8 = 3*y, -5 = -b - 3*y - y. Calculate the greatest common factor of b and 2.
1
Suppose 2*s - 14 = -0. What is the greatest common factor of s and 7?
7
Let u be (24 - 3)*(24 + 1). Suppose -3*w = 2*w - u. Calculate the highest common factor of w and 35.
35
Suppose -3*p + 620 = p. Calculate the greatest common divisor of p and 62.
31
Suppose 0 = -k - 0*k + 10. Let h be -20 + 17 + (-56)/(-2). What is the highest common divisor of h and k?
5
Let s(u) = u**2 - 9*u + 22. Let d be s(-9). What is the highest common divisor of d and 8?
8
Let g = 30 + -24. Calculate the greatest common factor of 3 and g.
3
Let q(u) = -14*u**3 + u - 1. Let z be q(-3). Calculate the greatest common divisor of 34 and z.
34
Suppose -168 = -2*c - 62. Let v = -36 + c. Let u = 29 - v. Calculate the highest common divisor of 48 and u.
12
Let b(a) = 7*a**3 - 2*a**2 + 2*a - 1. Let u be 4*((-5)/(-4) - 1). Let v be b(u). Calculate the highest common divisor of 3 and v.
3
Let m = -15 + 0. Let r = m - -35. Suppose -3*j + r = 2*j. Calculate the highest common divisor of 4 and j.
4
Let v(l) = -2*l - 23. Let h be v(-14). Calculate the highest common divisor of 5 and h.
5
Let k(v) = -3*v. Let o be (-4 - 1)*(-4)/(-10). Let h be k(o). Let l be (2/2 - 3) + 32. Calculate the highest common factor of h and l.
6
Suppose 5*j - j = 32. Let k be 242/j - (-2)/(-8). What is the greatest common factor of 20 and k?
10
Suppose -7*q + 4*q - 15 = 0. Let m(i) = i**2 - i - 3. Let p be m(q). Let l be (-2)/(3 - 1) - -19. Calculate the greatest common factor of p and l.
9
Let v = -100 - -117. Calculate the highest common divisor of 34 and v.
17
Let d be 10 - 2 - 2 - (4 + -4). What is the highest common divisor of 9 and d?
3
Suppose 4*c - 244 = -l + 109, -4*c + 3*l + 349 = 0. Suppose 5*z - c = 3*z. Calculate the highest common factor of z and 66.
22
Let k(i) = 2*i**2 - i + 1. Let h be k(1). Let j be (-6)/27 + (-112)/(-18). What is the highest common divisor of h and j?
2
Let g(l) be the first derivative of l**3/3 - 3*l**2/2 + 6*l - 1. Let p be g(4). Calculate the highest common divisor of 10 and p.
10
Suppose 3*i + 3*o = -i + 8, i + 21 = 5*o. Let v = i + 1. Suppose k = -v*k + 12. Calculate the highest common divisor of k and 60.
12
Let b = 14 + -14. Suppose 0*y + 4*y - 28 = b. Calculate the greatest common factor of y and 49.
7
Let l be -1 - 1 - -2 - -42. Let d = -29 + l. Let o = 341 + -237. Calculate the highest common factor of d and o.
13
Let p(t) = -8*t - 1. Let s be p(-2). Let q = 0 - -2. Suppose -2*c + z + 32 = 0, q*c + 43 = 5*c + z. What is the highest common divisor of s and c?
15
Suppose 20 = -7*p + 3*p. Let x be (-2)/(p/((-25)/(-2))). Let f(d) = d - 2. Let j be f(x). What is the greatest common factor of j and 12?
3
Let j be 11/55 + (-199)/(-5). Suppose 96 = 4*z + j. Calculate the greatest common factor of z and 112.
14
Let g(h) be the second derivative of -h**5/20 + h**4/12 - h**3/6 + 12*h**2 + 3*h. Let c be g(0). What is the greatest common factor of 60 and c?
12
Let a(g) = g + 6. Let o be a(-5). Let v = o - -1. What is the highest common divisor of 20 and v?
2
Let m(u) = u + 13. Let j be m(-11). Suppose -5 - 95 = -j*i. Calculate the highest common divisor of 10 and i.
10
Let o be 2 + (-3)/(3/(-5)). Let r = 176 - 148. Calculate the greatest common divisor of r and o.
7
Let y be 6/((-3)/2 + 1). Let h be (y/(-5))/(9/30). Let p be -1 + 3 + 36 - -2. What is the highest common divisor of h and p?
8
Let q(n) = 2*n - 31. Let z be q(16). What is the greatest common divisor of z and 3?
1
Let t be (-2895)/9 - 2/6. Let k be t/(-35) + 1/(-5). What is the greatest common factor of 6 and k?
3
Let b = 219 + -129. Let i(z) = 7*z - 3. Let y be i(3). Calculate the greatest common factor of b and y.
18
Let u be (-104)/(-28) + 4/14. Suppose 5*z = -u*c + 4 + 4, 2*z - 5 = -c. What is the greatest common divisor of z and 8?
4
Let g = 5 - 24. Let d = 37 + g. What is the greatest common factor of 2 and d?
2
Let f(h) = 2*h**3 - 2*h**3 - 7*h - 8*h**2 + 4 + 2 - h**3. Let u be f(-7). What is the highest common divisor of u and 1?
1
Let y = -8 - -16. Let m(v) = -9*v**3 - 2*v**2 - v. Let l be m(-1). What is the highest common divisor of l and y?
8
Let n(j) = 0*j**2 - 3*j**2 + 4*j**2 - 2*j**2. Let b be n(0). Suppose -4*v + b*p = 5*p - 85, 5*v = -p + 80. Calculate the greatest common divisor of 45 and v.
15
Suppose 7*v = 6*v - 24. Let f be ((-198)/(-8))/(v/(-64)). What is the highest common divisor of 22 and f?
22
Let d be 4/(-3)*45/(-6). Let h = d - 12. Let t(r) = 29*r**2 + 2*r. Let k be t(h). Calculate the highest common factor of k and 16.
16
Let b = 11 + -8. Calculate the highest common divisor of 33 and b.
3
Suppose 0 = 16*c - 18*c + 370. What is the greatest common divisor of 37 and c?
37
Let l be (12/18)/(1/18). Calculate the greatest common factor of 3 and l.
3
Suppose -2 = -2*m, -18 = -i - 0*m - 3*m. Calculate the highest common factor of 6 and i.
3
Let m(v) = -3*v - 21. Let t be m(-8). What is the highest common factor of 6 and t?
3
Let r = 11 - 5. Suppose 5*x - 25 = 0, -w - 2*x = 1 - 23. Calculate the greatest common factor of r and w.
6
Suppose -2*p = -4*b - 6*p - 24, -4 = -b + 4*p. Let z = b + 8. Suppose z*j - 21 = 99. Calculate the greatest common factor of j and 6.
6
Let g = 10 - 3. Suppose -u = 4*u + 5. Let x = u - -2. What is the greatest common divisor of g and x?
1
Suppose 5*x + 28 = 3*f - 777, 0 = 4*f + 2*x - 1108. Let g be ((-13)/26)/((-3)/150). Calculate the greatest common factor of f and g.
25
Let l be 46*1 + -3 + 4. Let n = 85 - l. Let d = 410 - 353. What is the highest common divisor of n and d?
19
Let f = -37 - -59. What is the greatest common factor of 154 and f?
22
Let w = 165 - 85. Suppose -w = t - 5*t. Calculate the greatest common divisor of t and 8.
4
Let r be ((-4)/6)/((-2)/720). Suppose -v + 5*v = r. Suppose v = 5*c + 4*l, c = 2*c + 2*l - 18. What is the highest common divisor of c and 8?
8
Let g = 66 + -22. What is the greatest 